= w - 5*y - 1. Let h(x) = x**2 + 5*x - 5. Determine h(w).
-9
Let g(y) be the second derivative of 0 + 2/3*y**3 - y**2 + 1/12*y**4 + y. Let f be 5/((1 - 0) + -2). What is g(f)?
3
Suppose 2*v + 10 = 4*v. Suppose -2*s - 1 = -2*p + p, -3*p + 4*s = -v. Let l(h) = 4*h**p + h**2 - 2*h**3 + 1 - 3*h**3 + 4*h. Determine l(3).
-5
Let d be (-28)/(-5) + 4/10. Let u(h) = h**2 + 6*h - 4. Let k be u(-6). Let j = k + d. Let w(x) = 2*x**2 - 3*x + 3. What is w(j)?
5
Let f(v) = v**3 - 10*v**2 - 13*v + 7. Let t(w) = w**3 - 11*w**2 - 14*w + 6. Let c(r) = -3*f(r) + 2*t(r). What is c(9)?
9
Let s(i) = -5*i**3 - 3*i + 2. Let u(y) = -5*y**2 + 3 - 6*y - 2*y**2 - 11*y**3 + 2*y**2 + 4*y**2. Let g(h) = -9*s(h) + 4*u(h). Calculate g(4).
6
Let g(p) = p - 6. Let u(b) = -b + 7. Let h(v) = -6*g(v) - 5*u(v). What is h(0)?
1
Let s = 129 + -130. Let y(l) = -4*l - 2. Let p(c) = 2*c + 1. Let n(r) = -9*p(r) - 4*y(r). Calculate n(s).
1
Let p(d) = 4*d - 5. Let y be p(-5). Let t be (-5)/(-2)*(-40)/y. Let a(n) = -2*n - 3. Determine a(t).
-11
Let m(v) = -v + 3. Suppose 15*j = 14*j - 4. What is m(j)?
7
Let q = -12 + 17. Let d = -2 + q. Let m(f) = f**d + 3*f + 3 + 2*f**2 - 2*f + 3*f. Determine m(-2).
-5
Let v(m) = -m**2 + 4*m - 2. Suppose 6 = 3*a - 0. Suppose -a*s - 70 = -5*j, -4*j + 4*s + 70 = j. Let f be 4*(-1 + j/8). Give v(f).
1
Let n(h) be the first derivative of 0*h + 1/6*h**4 + 2/3*h**3 - 1/120*h**6 - h**2 + 1 - 1/20*h**5. Let f(x) be the second derivative of n(x). Calculate f(-4).
4
Let y(k) = -k**3 + 3*k**2 - 2*k + 1. Let t be y(2). Let r be 0/13 - t/(-1). Let f(c) = 8*c**3 + c - 1. Determine f(r).
8
Let i(j) = j**3 - j**2 + j. Let d be i(1). Let h(l) be the second derivative of l**5/20 - l**3/6 + l**2/2 - l. Determine h(d).
1
Let s(x) = -3*x + 1. Let r = 9 - 6. Let u be 19/r - (-5)/(-15). Let v = 4 - u. What is s(v)?
7
Let h(y) be the second derivative of y**4/6 + y**3 + 8*y. Let v be 30/(-8) - (-2)/(-8). Calculate h(v).
8
Let v be 9/(-6)*4/(-3). Let p(u) = -2*u**3 - u**2 + 3*u**3 + u - v + 6 + 2*u**2. Determine p(0).
4
Suppose 2*y - 4 = -d, 2*y - 13 = -2*d - y. Let u be (-4)/d + (-96)/(-42). Let g(x) = x**3 - 3*x + 3. Determine g(u).
5
Let u(b) = 5*b**2 - 22*b + 2. Let p be u(4). Let l(v) = -v**2 - 6*v - 9. Determine l(p).
-9
Let i(q) = -q**2 + 11. Let m(z) = -z**2 + 10. Let h(y) = -5*i(y) + 6*m(y). Let o be (0 + 1 - 1)/1. Suppose -x + o*x = 0. Calculate h(x).
5
Let h(w) = w**3 - 7*w**2 - w + 2. Let b = 13 + -8. Suppose -2*y = -1 + b. Let c(a) = -3*a**3 + 15*a**2 + a - 5. Let r(n) = y*c(n) - 5*h(n). Calculate r(-2).
6
Let c(v) = v**3 + 6*v**2 - v - 8. Suppose 2*s + 10 = -2*d, -5*d + d = 3*s + 21. Let q be c(d). Let a(n) = -n**2 - 1. What is a(q)?
-5
Let v(f) = 7*f**2 - f - 7. Let l(t) = 6*t**2 - t - 6. Let p(x) = -5*l(x) + 4*v(x). Determine p(2).
-4
Let z(l) be the third derivative of l**5/60 + l**4/6 + l**3/3 + 21*l**2. Give z(-3).
-1
Suppose 0*a + 5 = -5*a, 0 = -5*j + 4*a - 11. Let z(p) = -p**2 + p - 1. Calculate z(j).
-13
Suppose c - 24 = -c + 5*o, 0 = 5*c - 2*o - 18. Let d(b) = -3*b**3 + b**2 + 4*b - 3. Determine d(c).
-15
Let y = 4 - 2. Let x(o) = 4*o**2 + 5*o - o**3 - 8 + o**2 + y*o. Give x(6).
-2
Let v(z) = 0*z**3 - 22*z**2 - z - 4 + 17*z**2 + 2 - z**3. Calculate v(-5).
3
Let w(o) = o**2 - 3*o + 1. Suppose -4*b + 16 = -4*h, -b + 6*b - 26 = -h. Give w(b).
11
Let b(z) = -z**3 - 7*z**2 - 6*z + 7. Let p = 7 - 1. Suppose -5*x - p = 24. Determine b(x).
7
Let t(s) = s**3 - 6*s**2 + 5*s + 4. Let i be (-3 + 5)/(1*(-3)/(-6)). Calculate t(i).
-8
Let h(t) be the third derivative of -t**5/60 + t**4/6 + 5*t**3/6 - 5*t**2. Determine h(6).
-7
Let v(c) = c**3 + 5*c**2 + 2*c + 2. Let x(a) = -3*a + 6. Let q be x(-11). Let r be (-1)/(-3) + q/(-9). Determine v(r).
10
Let u(p) = -p**2 + p - 5. Let v be u(0). Let t(i) = -2*i**2 + 9*i. Let n(d) = 4*d**2 - 17*d. Let f(a) = v*t(a) - 3*n(a). Suppose 6 = 4*y - 10. Give f(y).
-8
Let l(k) = -1 + 20*k + 18*k - 53*k + 16*k. Determine l(6).
5
Let o(h) = 5*h + 2*h**2 - 6*h - h**2 - 3. Suppose -m = -5, -5*u - 2*m + 1 = -29. Let t(v) = v. Let f(x) = u*t(x) - o(x). Calculate f(5).
3
Let d(n) be the third derivative of n**6/120 - n**5/60 + n**3/3 + n**2. Let p be d(0). Let z(i) = 0*i**2 + i**p + i + i + 4. Determine z(-3).
7
Let o = -17 + 24. Let d(j) = 8*j + 4 - 16*j + 7*j + 0*j. What is d(o)?
-3
Let g(t) = -t - 1. Suppose 30 = -4*m - 2*m. Determine g(m).
4
Let b(h) be the second derivative of h**5/20 + 7*h**4/12 + 5*h**3/6 + 4*h. Determine b(-6).
6
Let g be (-24)/(-18)*(-9)/(-2). Let v(c) be the first derivative of -c**2/2 + 10*c + 1. What is v(g)?
4
Let s(n) = -2*n + 2. Suppose -2*l + 0*l = -8. What is s(l)?
-6
Let b(k) = -k**2 - 4*k. Suppose 0 = 5*x + 2*w + 8 + 3, 0 = -2*x - 4*w + 2. What is b(x)?
3
Let u(z) = z - 9. Suppose 4*d + 3*o = -d + 56, 0 = 4*d + o - 42. Let n(g) = g - 9. Let k be n(d). Let p be (0 - 0)*k/1. Determine u(p).
-9
Let g(r) = -7*r + 1. Let m = -3 + 10. Suppose -5*p + 4*h = m + 2, 2*p = -4*h + 2. What is g(p)?
8
Let i(y) = 3*y**3 + 13*y**2 - 2*y - 9. Let t(z) = 5*z**3 + 20*z**2 - 3*z - 14. Let o(r) = 8*i(r) - 5*t(r). Let u = -35 - -38. Give o(u).
4
Let h be (-4)/10*5/(-2). Suppose -3*o = h - 13. Let v(a) = a**2 - 4*a + 6. What is v(o)?
6
Let j(k) = 4*k**2 + 2*k + 1. Let f(g) = -g - 8. Let s be f(-6). Give j(s).
13
Let k(c) = c**2 + 3*c**3 + 4358 - 2*c**3 - 4356 + 3*c. Determine k(-2).
-8
Let r = 3 - 1. Suppose 0*i - r*i + 11 = -5*n, -n = 5*i - 14. Let d(y) = 0*y**2 + 2*y - 2*y**2 + i*y**2 + 4*y**3 + 1. Determine d(-1).
-4
Let b(y) = -4*y**2 - y**2 - 3*y**2. Determine b(1).
-8
Let p(g) = -8*g + 11. Let b be p(2). Let m(d) = -d - 3. Calculate m(b).
2
Suppose 0 = 3*p - 0*p - 12. Let u(q) = 2*q. Give u(p).
8
Let v(t) be the third derivative of t**4/24 + t**3/6 - t**2. Let x(z) = -z**3 - 5*z**2 + 9*z + 9. Let b be x(-6). Let p be b/3 + 1 + -2. Give v(p).
-3
Let h(l) be the first derivative of -l**4/4 - 4*l**3/3 + 3*l**2 - l - 6. Determine h(-5).
-6
Let w(g) = 4*g**3 - 6*g**2 + g + 6. Let p(u) = -5*u**3 + 7*u**2 - u - 6. Let q(d) = 5*p(d) + 6*w(d). What is q(0)?
6
Let d(j) be the first derivative of -j**4/4 + 2*j**3 - j**2 + 4*j + 10. What is d(6)?
-8
Let v(a) be the third derivative of -a**4/24 + a**3/2 + 6*a**2. Let b be v(-2). Let f(o) = -o + 7. Give f(b).
2
Suppose -3*a + 4 = -7*a + 4*m, -a + 2*m - 4 = 0. Let v(s) be the second derivative of -s + 3/2*s**2 + 0 - 1/2*s**3. Calculate v(a).
-3
Let s(x) be the second derivative of 5*x**4/4 - x**3/6 - 3*x. Determine s(-1).
16
Let i(k) = -5*k**2 + 0*k + 5*k + k - 11. Let d(j) = -4*j**2 + 6*j - 10. Let w be (4/2)/((-1)/2). Let f(x) = w*d(x) + 3*i(x). Calculate f(5).
2
Let r(a) = -4*a + 4 - a + 4*a - 3. Suppose 2*j - 28 = -3*p, p + j + 6 = 15. Suppose -4 = 2*s - 0, -5*i = 5*s + p. What is r(i)?
1
Let r = -3 + -2. Let a = 8 - 5. Let f be a + r - (-6 + 0). Let n(d) = d + 3. What is n(f)?
7
Suppose 0 = -3*y + 4*y + 4. Let b(f) = 2*f**2 + 5*f + 6. What is b(y)?
18
Suppose 3*p + 10 = 1. Let l = p + 4. Let q(w) = 0*w**2 - 2 + 5*w**2 - 3*w + l + w. Give q(-1).
6
Let d(f) = -f - 1 + 0 - 3 + 2*f. Give d(9).
5
Let d(r) = -41*r + 13 + 40*r - 6. Determine d(-6).
13
Let m be (-1 - 1)*2/(-8)*-2. Let g(z) = z**2 - 1. Give g(m).
0
Let c(a) = -1 - 1 - 2*a + 3*a**2 - a**3 + 2*a - a. Determine c(3).
-5
Let d(u) be the first derivative of u**4/4 - 5*u**3/3 + 2*u**2 - 5*u + 3. Give d(4).
-5
Let j(h) be the second derivative of h**4/4 + h**3/6 + h**2/2 - 4*h. What is j(-2)?
11
Let g(p) = p**2 - 3*p + 5. Let d be g(4). Let l(w) = d + 5*w**2 - w - 9. Let c be l(1). Let k(s) = s**2 - 3*s - 3. Give k(c).
1
Let h(u) = -11*u**2 - 7*u + 8 + 6*u**2 + 6*u**2. Calculate h(7).
8
Let b = 9 - 13. Let u(g) = -g**2 + 1. Let v(l) = -5*l**2 - l + 7. Let n(t) = b*u(t) + v(t). What is n(3)?
-9
Let g(n) = -2*n + 0 - n**2 + 4 - 1 - n. Suppose 2*u + 23 = 3*k, 3*k + 12 = 27. What is g(u)?
-1
Suppose 12*j = 7*j + 40. Let d be (-3)/((-3)/2) - -3. Suppose 0 = -d*o + 2 + j. Let w(k) = k**2 + k. What is w(o)?
6
Let n(a) = 2*a**3 + 4*a**2 + 2*a. Suppose 4 = -4*j - 8. Let l be ((-24)/18)/((-2)/j). What is n(l)?
-4
Let j = -2 - -3. Let d(z) = -z + z + j + z. Let f(n) = -n**3 - 12*n**2 + 12*n - 14. Let s be f(-13). Determine d(s).
0
Let u = -2 - -4. Let z(k) = 2*k + k - u*k. Suppose 0 = -g + 2*s - 6, -2*g + 4*s = 3*g + 18. Calculate z(g).
-2
Let 